- 275 = 1002, -1245 = -5*p + 5*n. What is the hundreds digit of p?
2
Let m = -1 - -2. What is the units digit of 4 + (-3 - -1 - m)?
1
Let t be (8/(-5))/(16/(-40)). Suppose -o = -4*y + 35, -3*y - 2*y = t*o - 28. What is the units digit of y?
8
Suppose 231 + 189 = 6*v. What is the tens digit of v?
7
What is the tens digit of (-4)/(16/(-276)) + -3?
6
Suppose -4*s + 23 = 3*q, 0 = -5*q - 4*s + 37 + 4. Suppose 2*i - q = -3. What is the units digit of i*6/(-9) + 3?
1
Let j = 3 - 5. What is the units digit of 38/j*(-1 - 0)?
9
Suppose 3*d = -5*m + 1034, -3*m + 5*d + 426 = -m. What is the units digit of m?
8
Suppose -s = -2*d + 1, 2*d + 5*s + 17 = -0*s. What is the tens digit of d - (1 + 1 + -34)?
3
Let k(y) = 2*y**2. Let i be k(-3). Suppose -2*o + 42 = -4*p, -2*o + i = -3*p - 21. What is the tens digit of o?
1
Let g be 0/((1 - -1)/(-1)). Suppose 3*p + p + 3*s - 11 = g, -2*p + 2*s = 12. What is the units digit of p - ((-2 - 0) + -2)?
3
Suppose -5*l = -39 - 26. Suppose -2*v = 6, -5*v + l = -u - 3*u. Let o = u + 18. What is the tens digit of o?
1
Let f = 25 - -4. What is the tens digit of f?
2
Let p(q) = 2*q - 12. Let a be p(8). Suppose -2*s + 5 = -5*j, s + a*j = -3 - 1. Suppose -5*m + 10 = -s. What is the units digit of m?
2
Let m = 6 + -4. Suppose 9 + 7 = m*r. What is the units digit of r?
8
Let v(m) = m**2 + 6*m - 10. Suppose 3*b + 21 = -0. Let c be v(b). Let t(q) = 2*q**2 + 4*q. What is the units digit of t(c)?
6
Let q(a) = -a**2 + a + 1. Let h be q(2). Let i be 51/(-2) + h/2. Let u = i - -39. What is the units digit of u?
3
Suppose -63 = 3*p - 3. Let n be (p/(-8))/(1/2). Suppose -g = -4*r - 4, -20 = -n*g - 3*r - 2*r. What is the units digit of g?
4
Let b(m) = -m + 2. Suppose 3*w = -g + 14, 3 - 4 = -2*w + g. Let r be b(w). What is the units digit of (-10)/(-2)*1 - r?
6
What is the tens digit of (-23 + 8)/(1/(-4))?
6
Let c(z) = z**3 + 11*z**2 + 12*z - 13. What is the tens digit of c(-9)?
4
Let g(q) = -q**3 - q**2 - 2*q - 1. Let d be g(-2). Let b = d - 3. Let p = b + -1. What is the units digit of p?
3
Let d = 144 - 97. What is the units digit of d?
7
Suppose -4*b = -5*u - 16, b - 12 = -2*b + 5*u. Suppose p - 306 = -8*p. Suppose b*n = p - 2. What is the units digit of n?
8
Suppose 2*o = -2*x + 106, -2*o - 124 = -5*o + 4*x. What is the units digit of o?
8
Let y(i) = i**3 - 22*i**2 + 22*i - 18. What is the units digit of y(21)?
3
What is the units digit of (12/4 + 0)/(1/5)?
5
Let u(d) be the third derivative of -d**6/120 - d**5/12 - d**4/12 - 3*d**2. Let c be u(-5). What is the tens digit of 48/10*c/3?
1
Let w be (-4)/(-10) + 32/20. Let p = 3 - w. What is the units digit of 2*10/4*p?
5
Let x be (-95)/(-10) + (-1)/(-2). Suppose x = w - 15. What is the units digit of w?
5
Suppose -4*p = p. Let a = p + -4. What is the units digit of a/(-1)*(-3 - -6)?
2
Let p = -9 - -12. Let y = 2 + p. What is the units digit of y?
5
Suppose -q + 0*q + 10 = 0. Let o(b) = b**2 - 9*b + 3. Let r be o(q). Suppose 3*t = 5 + r. What is the units digit of t?
6
Let b(y) = -y**2 + 10*y - 12. Let x be b(8). Suppose 14 = -2*l - x. What is the units digit of -5 - -7 - l/1?
1
Let u(d) = d**3 - 10*d**2 + 7*d - 15. What is the units digit of u(11)?
3
Let h(y) = 20*y**2. What is the units digit of h(-1)?
0
Let q be 1/4 + 138/24. Suppose 2 + q = 4*u. What is the units digit of u?
2
Suppose -4*g - 22 = -f, 0 = 2*g + 5 + 5. Let n(t) = 2*t - f + 2*t**2 + 3*t + 4. What is the units digit of n(-3)?
5
Let a(x) = x**3 + 12*x**2 + 8*x + 1. What is the tens digit of a(-11)?
3
Suppose -1 + 9 = 4*o. Suppose -o*i + i = -3*h - 21, 5*h = -20. What is the units digit of i?
9
Let v = 16 - 1. Suppose 4*o - v = y, y = 3*o - 2*y - 9. Suppose 4*x - 12 = 2*x - 5*p, -o*x = -4*p - 52. What is the tens digit of x?
1
Let b = 17 - 17. Suppose -f + 2 = -b*f. What is the units digit of f?
2
Let g(j) = 11*j**2 + 20*j - 28. Let v(d) = -5*d**2 - 10*d + 14. Let h(r) = -6*g(r) - 13*v(r). What is the units digit of h(7)?
7
Let c = 1 - 4. Let t be c/(-5) + (-6)/10. Suppose t = q - 2*q + 15. What is the tens digit of q?
1
What is the tens digit of (1 + -4)*-6*(1 - -2)?
5
Let i = -10 + 13. Suppose -i*j + 49 + 59 = 0. What is the units digit of j?
6
Let f(n) = -n**2 - 8*n. Suppose 0 = -l + 2. Let j be (-5)/2*l + -2. What is the units digit of f(j)?
7
Let y(c) = c + 9. Let n be y(-4). Suppose 4 = -4*o + 5*u - 7, -15 = -n*u. What is the units digit of o?
1
What is the units digit of (-9)/15 - 144/(-15)?
9
Suppose -3*k - 4*c = -86, -3*k - 4*c + 95 = -9*c. Suppose 0 = -5*v + 4*i + 69, -k = -2*v - 2*i + 3*i. What is the tens digit of v?
1
Let a(q) = -q**2 + 6*q. Let c(s) = 5 - 9 - 5*s**2 + 24*s + 5. Let f(o) = -9*a(o) + 2*c(o). What is the units digit of f(-5)?
7
Suppose -18 - 9 = -3*p. Suppose -85 = -4*l - p. What is the units digit of l?
9
What is the units digit of 4/(-18) - 92*(-1)/9?
0
Let z(d) = 2*d - 6. Let u be z(4). Let x = u + 14. What is the tens digit of x?
1
Suppose -4*s - 2*z + 6 + 12 = 0, 3*s = z + 16. Let u = 4 + s. What is the units digit of u?
9
Let w(j) = -j**2 + 8*j - 5. Suppose y + 3*v = 3*y - 38, y + 2*v = 5. Let i = y + -8. What is the units digit of w(i)?
0
Let u(p) = -p**2 + 4*p + 2. Let f be u(4). Let n(x) = -3*x - 4 + x**3 + 2 - 2*x**f + x**2. What is the units digit of n(3)?
7
Let s = 22 + -21. What is the units digit of s?
1
Let o(q) = -3*q - 2. What is the tens digit of o(-5)?
1
What is the tens digit of 165/4 - (-3)/4?
4
Let o(b) = 2*b**2 - 3*b + 5*b**2 - 3*b**3 + 9 + 2*b**3. Let x be o(7). Let g = x + 18. What is the units digit of g?
6
Suppose 0 = -5*n + c + 25, -2*c + 0*c + 25 = 5*n. Suppose -15 = 5*y + 5*m, 3*m = 2*y - 9 - n. Suppose f = 6 - y. What is the units digit of f?
5
Let f(u) = -u**3 - 8*u**2 + 8*u - 4. Suppose 2*l = -2, -2*l - 41 = 3*c - 12. Let t be f(c). What is the units digit of ((-16)/t)/(4/(-20))?
6
Let y(z) = -7*z**2 - z. Let q be y(-1). Let d = -3 - q. What is the units digit of d/(-2) - (-42)/12?
2
Suppose p + 2 = 3. Let s(n) = 0 - 6 + 2*n + p. What is the units digit of s(6)?
7
Let c(h) = h**3 - 4*h**2 + 3*h + 2. Let p be c(3). Let m(j) = -j**3 + 3*j**2 - 2*j - 2. Let w be m(p). Let a = 8 - w. What is the units digit of a?
0
Let r = -18 + 48. What is the units digit of (-6)/(-4) - r/(-4)?
9
Let q = 6 - 0. Let g = 4 - q. What is the units digit of (-2)/4 - 13/g?
6
Let q = 395 + -578. What is the units digit of 2/9 - q/27?
7
Suppose 3*p - 14 = 70. Suppose p = -3*y + 4*y. What is the tens digit of y?
2
Let o(t) = t**2 - 6*t + 7. Let l(u) = u**2 - 5*u - 8. Let c be l(7). Let s be o(c). Suppose 2*y + 50 = s*y. What is the tens digit of y?
1
Let u = 8 - -52. What is the tens digit of u?
6
Let n be ((-1)/(-5))/(9/45). What is the units digit of 1*(n + 28) + 3?
2
Let f(q) = 49*q. Let v(z) = -50*z. Let g(c) = -4*f(c) - 3*v(c). What is the units digit of g(-1)?
6
Let s(p) = -3*p - 1. Let g = -1 - 0. Let j be s(g). Let u(z) = 4*z - 2. What is the units digit of u(j)?
6
Let x = -6 + 6. Let k(z) = z**2 - 6*z + 1. Let y be k(6). Let o = y + x. What is the units digit of o?
1
Suppose -3*q = -4*p - 17 + 74, 2*q - 10 = 0. Let z be (1 + -4)/(-3) + p. Let w = -11 + z. What is the units digit of w?
8
Suppose 5*p - 935 = -9*x + 4*x, 5*p = -x + 171. What is the hundreds digit of x?
1
Let x = -2 + 3. Let f be 6/(-8)*-4*x. What is the units digit of f/9*(-33)/(-1)?
1
Let w = -3 - -9. Suppose -w*c + c - 10 = 0. What is the units digit of (0 - c)*88/16?
1
Let t(y) = y**3 - 9*y**2 + 7*y + 3. Let m be t(8). Let s be (1*m)/(-1) - 0. Suppose 0*d + 40 = s*d. What is the units digit of d?
8
Let g = -4 - -8. Suppose -g*d - 4*v = -3*d - 26, -3*d + 8 = -2*v. What is the units digit of d?
6
Let p(x) = 5*x. Let a be p(1). Suppose a*z - 7 = w - 2*w, 5*z + 3*w = 1. Suppose -9 = -3*c - 0*n + 3*n, 0 = 5*c + z*n - 29. What is the units digit of c?
5
Let g(u) = u - 1. Let x(k) = 7*k - 5. Let s(p) = -4*g(p) + x(p). What is the units digit of s(3)?
8
Let j = -4 - -7. Suppose -j*l + 12 = -6. Suppose 0 = 5*y - t - 62, -t = 2*t + l. What is the units digit of y?
2
Suppose -19 - 17 = -3*n. Suppose -5*c + 18 = -2*z + 45, 0 = -z + 4*c + n. What is the units digit of z?
6
Let z = -168 - -299. What is the units digit of z?
1
Suppose -4*n + 5*u = -5 - 27, 5*n = -2*u + 7. Let i be (-19)/3*n/(-1). Suppose 0 = -v + 5*j - i + 1, -3*